of 6500?
True
Is 19 a factor of 817?
True
Is 11 a factor of 1056?
True
Is 1044 a multiple of 35?
False
Does 26 divide 260?
True
Is 42 a factor of 17010?
True
Is 111 a factor of 10989?
True
Is 117 a factor of 665?
False
Is 94 a factor of 1034?
True
Does 9 divide 189?
True
Does 7 divide 1595?
False
Is 15 a factor of 1695?
True
Is 75 a factor of 21450?
True
Is 360 a multiple of 3?
True
Does 65 divide 9689?
False
Is 23 a factor of 65312?
False
Is 25792 a multiple of 124?
True
Is 25 a factor of 124?
False
Is 36 a factor of 900?
True
Does 30 divide 211?
False
Is 877 a multiple of 15?
False
Is 46 a factor of 12574?
False
Does 11 divide 30877?
True
Is 180 a multiple of 18?
True
Is 308 a multiple of 14?
True
Is 14 a factor of 462?
True
Is 153 a factor of 42757?
False
Does 25 divide 5549?
False
Is 139 a factor of 11954?
True
Is 1480 a multiple of 40?
True
Does 9 divide 212?
False
Is 57408 a multiple of 78?
True
Is 25 a factor of 1451?
False
Is 15255 a multiple of 42?
False
Does 10 divide 12970?
True
Does 55 divide 880?
True
Does 25 divide 1206?
False
Does 10 divide 32790?
True
Does 54 divide 4050?
True
Is 575 even?
False
Does 36 divide 3528?
True
Is 12 a factor of 7872?
True
Is 672 a multiple of 24?
True
Is 17512 a multiple of 165?
False
Is 8 a factor of 9992?
True
Is 45 a factor of 1189?
False
Is 54600 a multiple of 60?
True
Is 336 a multiple of 112?
True
Is 742 a multiple of 3?
False
Is 127 a factor of 52168?
False
Is 110 a factor of 32954?
False
Is 58320 a multiple of 72?
True
Does 12 divide 228?
True
Does 92 divide 27076?
False
Is 10778 a multiple of 5?
False
Is 13442 a multiple of 26?
True
Is 58324 a multiple of 14?
True
Is 46 a factor of 2852?
True
Is 9468 a multiple of 18?
True
Is 666 a multiple of 29?
False
Does 2 divide 42?
True
Is 74 a factor of 3410?
False
Does 109 divide 27330?
False
Does 5 divide 16920?
True
Is 4 a factor of 35?
False
Does 29 divide 1972?
True
Is 14991 a multiple of 57?
True
Is 11 a factor of 17130?
False
Is 2595 a multiple of 7?
False
Is 3 a factor of 89?
False
Is 102 a factor of 689?
False
Is 1218 a multiple of 12?
False
Is 111 a factor of 9324?
True
Is 234 a multiple of 6?
True
Does 201 divide 70716?
False
Is 873 a multiple of 37?
False
Does 16 divide 1656?
False
Does 41 divide 3567?
True
Is 1548 a multiple of 5?
False
Does 77 divide 1864?
False
Does 27 divide 10826?
False
Is 31482 a multiple of 22?
True
Is 9 a factor of 117?
True
Is 9 a factor of 1467?
True
Does 52 divide 480?
False
Is 40 a factor of 14709?
False
Is 14 a factor of 4998?
True
Is 37 a factor of 1524?
False
Does 20 divide 11382?
False
Does 5 divide 495?
True
Is 1602 a multiple of 6?
True
Is 41 a factor of 5002?
True
Does 126 divide 10962?
True
Does 11 divide 1288?
False
Is 4 a factor of 56?
True
Does 9 divide 54?
True
Does 45 divide 720?
True
Is 18831 a multiple of 71?
False
Is 37700 a multiple of 20?
True
Is 104 a multiple of 13?
True
Is 3 a factor of 2662?
False
Does 124 divide 124?
True
Does 12 divide 4324?
False
Is 17760 a multiple of 296?
True
Is 3905 a multiple of 71?
True
Is 12 a factor of 1056?
True
Does 226 divide 36661?
False
Does 15 divide 1098?
False
Does 2 divide 1751?
False
Is 77 a multiple of 77?
True
Is 48 a factor of 2799?
False
Does 131 divide 262?
True
Is 2613 a multiple of 114?
False
Does 2 divide 23?
False
Does 10 divide 2580?
True
Is 598 a multiple of 26?
True
Is 102 a factor of 19043?
False
Is 62708 a multiple of 257?
True
Does 3 divide 162?
True
Is 1512 a multiple of 7?
True
Does 75 divide 1379?
False
Is 12 a factor of 345?
False
Is 1916 a multiple of 5?
False
Is 1938 a multiple of 51?
True
Is 1913 a multiple of 24?
False
Is 11 a factor of 19580?
True
Does 7 divide 371?
True
Is 10 a factor of 26950?
True
Is 43 a factor of 12692?
False
Is 12 a factor of 8762?
False
Is 1573 a multiple of 88?
False
Is 166 a factor of 18260?
True
Is 13 a factor of 743?
False
Is 34 a factor of 272?
True
Is 18186 a multiple of 42?
True
Is 2394 a multiple of 28?
False
Is 10 a factor of 880?
True
Is 18549 a multiple of 32?
False
Does 7 divide 1543?
False
Is 9 a factor of 441?
True
Does 54 divide 11502?
True
Is 10 a factor of 260?
True
Is 4473 a multiple of 21?
True
Is 21162 a multiple of 6?
True
Is 2 a factor of 1700?
True
Does 54 divide 7560?
True
Is 7 a factor of 1028?
False
Does 16 divide 8048?
True
Does 8 divide 17722?
False
Does 86 divide 86?
True
Does 70 divide 455?
False
Is 4134 a multiple of 39?
True
Is 5455 a multiple of 21?
False
Is 2597 a multiple of 53?
True
Is 134 a multiple of 7?
False
Does 43 divide 959?
False
Does 11 divide 2761?
True
Is 30568 a multiple of 25?
False
Is 6316 a multiple of 17?
False
Is 75 a factor of 1162?
False
Does 38 divide 26182?
True
Does 4 divide 699?
False
Is 14 a factor of 5230?
False
Is 14 a factor of 616?
True
Is 11 a factor of 1884?
False
Is 24 a factor of 816?
True
Does 130 divide 11050?
True
Is 7 a factor of 1960?
True
Is 18 a factor of 629?
False
Does 4 divide 149?
False
Is 700 a multiple of 12?
False
Is 10 a factor of 743?
False
Is 145 a multiple of 6?
False
Is 33880 a multiple of 121?
True
Does 48 divide 14880?
True
Is 5 a factor of 996?
False
Is 77917 a multiple of 170?
False
Is 36 a factor of 542?
False
Does 77 divide 5775?
True
Is 19 a factor of 4073?
False
Is 2396 a multiple of 4?
True
Is 849 a multiple of 16?
False
Is 4 a factor of 88?
True
Is 66 a factor of 5372?
False
Is 32 a factor of 35339?
False
Is 329 a multiple of 76?
False
Is 173 a multiple of 5?
False
Is 30 a factor of 743?
False
Is 23576 a multiple of 14?
True
Does 13 divide 871?
True
Is 202 a multiple of 4?
False
Is 72675 a multiple of 75?
True
Does 22 divide 1100?
True
Is 923 a multiple of 13?
True
Is 21 a factor of 149?
False
Is 96 a factor of 25403?
False
Does 9 divide 7733?
False
Is 83 a factor of 5126?
False
Is 18 a factor of 42010?
False
Is 10 a factor of 550?
True
Does 3 divide 14?
False
Is 76 even?
True
Is 219 a factor of 26937?
True
Is 351 a multiple of 9?
True
Is 28 a factor of 38752?
True
Is 38 even?
True
Is 35 a factor of 8289?
False
Is 67326 a multiple of 14?
True
Does 30 divide 1584?
False
Does 20 divide 16459?
False
Is 2450 a multiple of 9?
False
Does 34 divide 75833?
False
Does 44 divide 2288?
True
Does 20 divide 7240?
True
Is 33460 a multiple of 13?
False
Does 12 divide 24?
True
Is 7 a factor of 16648?
False
Does 5 divide 2035?
True
Is 18335 a multiple of 99?
False
Does 12 divide 7344?
True
Is 13135 a multiple of 11?
False
Is 7 a factor of 553?
True
Is 7 a factor of 2506?
True
Is 51028 a multiple of 287?
False
Is 229 a multiple of 12?
False
Is 12042 a multiple of 54?
True
Is 12 a factor of 1848?
True
Is 2596 a multiple of 11?
True
Is 13 a factor of 557?
False
Is 67063 a multiple of 337?
True
Is 806 a multiple of 75?
False
Is 13 a factor of 845?
True
Is 18966 a multiple of 109?
True
Is 80 a factor of 2143?
False
Is 5255 a multiple of 107?
False
Is 1246 a multiple of 8?
False
Is 54 a factor of 972?
True
Is 18370 a multiple of 22?
True
Is 1570 a multiple of 30?
False
Does 17 divide 1431?
False
Is 27 a factor of 38556?
True
Is 41 a factor of 811?
False
Is 1845 a multiple of 18?
False
Is 1815 a multiple of 11?
True
Is 80 a factor of 89920?
True
Does 6 divide 750?
True
Is 1022 even?
True
Is 148 a factor of 33448?
True
Is 1571 a multiple of 9?
False
Is 250 a multiple of 18?
False
Does 143 divide 78497?
False
Is 14 a factor of 5012?
True
Is 27347 a multiple of 29?
True
Does 65 divide 21405?
False
Is 16 a factor of 2197?
False
Does 29 divide 2175?
True
Does 87 divide 10440?
True
Does 15 divide 8941?
False
Is 55 a factor of 220?
True
Is 1665 a multiple of 10?
False
Is 285 a multiple of 19?
True
Does 14 divide 75921?
False
Does 157 divide 3161?
False
Does 22 divide 154?
True
Is 623 a multiple of 32?
False
Does 27 divide 5920?
False
Is 2892 a multiple of 3?
True
Is 55 a factor of 550?
True
Is 7 a factor of 10350?
False
Is 5146 a multiple of 30?
False
Is 59 a factor of 13861?
False
Is 7 a factor of 210?
True
Is 870 a multiple of 145?
True
Is 8 a factor of 119?
False
Is 43 a factor of 19307?
True
Does 16 divide 11424?
True
Is 26392 a multiple of 17?
False
Is 360 a multiple of 12?
True
Is 811 a multiple of 13?
False
Is 222 a factor of 32412?
True
Is 10 a factor of 90?
True
Does 7 divide 147?
True
Is 16048 a multiple of 34?
True
Is 13 a f